{"id":10,"date":"2026-03-06T17:41:18","date_gmt":"2026-03-06T16:41:18","guid":{"rendered":"https:\/\/estefaniavera.com\/?page_id=10"},"modified":"2026-03-06T23:14:46","modified_gmt":"2026-03-06T22:14:46","slug":"elementor-10","status":"publish","type":"page","link":"https:\/\/estefaniavera.com\/?page_id=10","title":{"rendered":"Elementor #10"},"content":{"rendered":"\t\t<div data-elementor-type=\"wp-page\" data-elementor-id=\"10\" class=\"elementor elementor-10\">\n\t\t\t\t<div class=\"elementor-element elementor-element-1ebd113 e-flex e-con-boxed e-con e-parent\" data-id=\"1ebd113\" data-element_type=\"container\" data-e-type=\"container\">\n\t\t\t\t\t<div class=\"e-con-inner\">\n\t\t\t\t\t<\/div>\n\t\t\t\t<\/div>\n\t\t<div class=\"elementor-element elementor-element-653c4c1 e-flex e-con-boxed e-con e-parent\" data-id=\"653c4c1\" data-element_type=\"container\" data-e-type=\"container\">\n\t\t\t\t\t<div class=\"e-con-inner\">\n\t\t\t\t\t<\/div>\n\t\t\t\t<\/div>\n\t\t<div class=\"elementor-element elementor-element-4883545 e-flex e-con-boxed e-con e-parent\" data-id=\"4883545\" data-element_type=\"container\" data-e-type=\"container\">\n\t\t\t\t\t<div class=\"e-con-inner\">\n\t\t\t\t<div class=\"elementor-element elementor-element-b56590a elementor-widget elementor-widget-heading\" data-id=\"b56590a\" data-element_type=\"widget\" data-e-type=\"widget\" data-widget_type=\"heading.default\">\n\t\t\t\t\t<h2 class=\"elementor-heading-title elementor-size-default\"><a href=\"https:\/\/estefaniavera.com\/\">Acompa\u00f1o a personas en procesos de transformaci\u00f3n profunda a trav\u00e9s de la respiraci\u00f3n consciente, el trabajo energ\u00e9tico y la liberaci\u00f3n emocional.<\/a><\/h2>\t\t\t\t<\/div>\n\t\t\t\t\t<\/div>\n\t\t\t\t<\/div>\n\t\t<div class=\"elementor-element elementor-element-5341d41 e-flex e-con-boxed e-con e-parent\" data-id=\"5341d41\" data-element_type=\"container\" data-e-type=\"container\">\n\t\t\t\t\t<div class=\"e-con-inner\">\n\t\t\t\t<div class=\"elementor-element elementor-element-93f3e0c elementor-widget elementor-widget-image\" data-id=\"93f3e0c\" data-element_type=\"widget\" data-e-type=\"widget\" data-widget_type=\"image.default\">\n\t\t\t\t\t\t\t\t\t\t\t\t\t\t\t<img fetchpriority=\"high\" decoding=\"async\" width=\"932\" height=\"1024\" src=\"https:\/\/estefaniavera.com\/wp-content\/uploads\/2026\/03\/BATLLO-932x1024.jpg\" class=\"attachment-large size-large wp-image-31\" alt=\"\" srcset=\"https:\/\/estefaniavera.com\/wp-content\/uploads\/2026\/03\/BATLLO-932x1024.jpg 932w, https:\/\/estefaniavera.com\/wp-content\/uploads\/2026\/03\/BATLLO-273x300.jpg 273w, https:\/\/estefaniavera.com\/wp-content\/uploads\/2026\/03\/BATLLO-768x843.jpg 768w, https:\/\/estefaniavera.com\/wp-content\/uploads\/2026\/03\/BATLLO.jpg 1079w\" sizes=\"(max-width: 932px) 100vw, 932px\" \/>\t\t\t\t\t\t\t\t\t\t\t\t\t\t\t<\/div>\n\t\t\t\t\t<\/div>\n\t\t\t\t<\/div>\n\t\t\t\t<\/div>\n\t\t","protected":false},"excerpt":{"rendered":"<p>Acompa\u00f1o a personas en procesos de transformaci\u00f3n profunda a trav\u00e9s de la respiraci\u00f3n consciente, el trabajo energ\u00e9tico y la liberaci\u00f3n emocional.<\/p>\n","protected":false},"author":1,"featured_media":0,"parent":0,"menu_order":0,"comment_status":"closed","ping_status":"closed","template":"","meta":{"footnotes":""},"class_list":["post-10","page","type-page","status-publish","hentry"],"_links":{"self":[{"href":"https:\/\/estefaniavera.com\/index.php?rest_route=\/wp\/v2\/pages\/10","targetHints":{"allow":["GET"]}}],"collection":[{"href":"https:\/\/estefaniavera.com\/index.php?rest_route=\/wp\/v2\/pages"}],"about":[{"href":"https:\/\/estefaniavera.com\/index.php?rest_route=\/wp\/v2\/types\/page"}],"author":[{"embeddable":true,"href":"https:\/\/estefaniavera.com\/index.php?rest_route=\/wp\/v2\/users\/1"}],"replies":[{"embeddable":true,"href":"https:\/\/estefaniavera.com\/index.php?rest_route=%2Fwp%2Fv2%2Fcomments&post=10"}],"version-history":[{"count":9,"href":"https:\/\/estefaniavera.com\/index.php?rest_route=\/wp\/v2\/pages\/10\/revisions"}],"predecessor-version":[{"id":44,"href":"https:\/\/estefaniavera.com\/index.php?rest_route=\/wp\/v2\/pages\/10\/revisions\/44"}],"wp:attachment":[{"href":"https:\/\/estefaniavera.com\/index.php?rest_route=%2Fwp%2Fv2%2Fmedia&parent=10"}],"curies":[{"name":"wp","href":"https:\/\/api.w.org\/{rel}","templated":true}]}}